s the tens digit of k?
3
Let d = 15 + 3. Suppose 5*j - d - 12 = 0. What is the units digit of j?
6
Let y = -268 + 462. What is the units digit of y?
4
Let c(p) = 0*p**2 + 4*p**2 + 5*p - 5*p**2 + 4. Let n be c(6). What is the units digit of (3 - 1 - 4)*n?
4
Suppose -2*u = 2*g + g - 143, 0 = -3*u - 5*g + 212. What is the units digit of u?
9
What is the hundreds digit of -24*(-69)/10 - (-4)/10?
1
Let h(i) = -i + i**3 + 0 - 4 + 3*i**2 + 2*i**2. Let f = 1 - 6. What is the units digit of h(f)?
1
Let r(i) = -11*i - 6. Let l(n) = -43*n - 25. Let u(w) = 2*l(w) - 9*r(w). Let s(g) = 6*g + 2. Let z(p) = -7*s(p) + 3*u(p). What is the tens digit of z(-4)?
1
Let c = -48 - -88. Let r = c - 16. What is the units digit of r?
4
Let t(y) = -33*y + 27. Let d(q) = 16*q - 13. Let n(z) = 13*d(z) + 6*t(z). What is the tens digit of n(5)?
4
Let n = -1 - -1. Suppose 2 + n = h. What is the units digit of h?
2
Suppose -3*z = 4*z - 70. What is the tens digit of z?
1
Suppose -4*r + 0*r = -4*s + 148, -r + 197 = 5*s. What is the tens digit of s?
3
Let l(s) = s**3 - 8*s**2 + 8*s - 7. Let z be l(7). Let a(f) = f**2 + 3*f - 8. Let w be a(-6). Suppose n + 3 - w = z. What is the units digit of n?
7
What is the units digit of 1/(1/62) - 2?
0
Let i = -60 + 42. What is the tens digit of 1*i*2/(-1)?
3
Suppose 5*r + 5 = 3*c - 6, 5*c = -2*r + 39. Suppose -c*t = -4*t - 69. What is the tens digit of t?
2
Let l(t) be the second derivative of t**5/20 - t**4/2 - 5*t**3/6 - 3*t**2 + 3*t. What is the units digit of l(7)?
8
Let t(o) = 11*o - 1. Let v be -3*(2 - (-30)/(-9)). Suppose v*h - 3*h = 1. What is the tens digit of t(h)?
1
Suppose -5*w - 63 = -4*g + 85, 4*g = -4*w + 148. What is the units digit of g?
7
Let u(i) = i**2 + 6*i - 2. What is the tens digit of u(4)?
3
Suppose -3*v = 5*s - 134, v = -5*s - v + 131. What is the tens digit of s?
2
Let g(u) = -u**2 - 4*u + 3. Suppose -5*l - 6 = -5*p + 14, -3*l = -5*p + 18. Suppose 5 + p = -2*b. What is the units digit of g(b)?
3
Suppose 31 - 6 = 5*y. What is the units digit of y?
5
Let g(j) = -11*j - 20. Let i(t) = -4*t - 7. Let d = -29 + 21. Let x(l) = d*i(l) + 3*g(l). What is the units digit of x(-5)?
1
Let u(f) = -7 + 27 + 3*f - 5*f + f. What is the tens digit of u(0)?
2
Let x(q) = q + 9. Let m(s) = 8. Let u(i) = -3*m(i) + 2*x(i). Let d be 3/(-1)*(-8)/6. What is the units digit of u(d)?
2
Let a(i) = -i**2 + 5*i - 1. Let t = 6 - 1. Let u be a(t). What is the units digit of -4*u*(-1)/(-4)?
1
Suppose -3*a + 0*n + 156 = -2*n, 5*n = 0. What is the tens digit of a?
5
Let y = -2 + 11. Let x = y - 6. Suppose -4*j + 0 = -4*p + 32, -5*p + 24 = x*j. What is the units digit of p?
6
Let v(t) = -5*t**3 + 2 - t + t**2 + 0 + 6*t**3. Let o be v(0). Suppose o*f = -2*f - 3*z + 51, 3*f - 2*z - 17 = 0. What is the units digit of f?
9
Suppose 3*w - 5*a + 22 = 0, 0 = -2*w - a - 10 - 9. Let t(h) = 5 + 6 - 9*h - 2 - h**2. What is the units digit of t(w)?
9
Suppose 0 = 2*l - 4*a + 24, 3*l = -0*l + 5*a - 34. Let d = 5 + l. What is the tens digit of 1 - 1 - (-10 + d)?
1
Let n be 4/6 + 28/12. Suppose 4 = -n*p - 2*a, 5*p + 0*a + 10 = -5*a. Suppose p = 7*y - 2*y - 60. What is the units digit of y?
2
Suppose -5*f = -3*r - r + 47, -2*r = -5*f - 21. Suppose c - 2*c = -r. What is the units digit of c?
3
Suppose -2 = h - 4. What is the units digit of (2/4)/(h/12)?
3
Suppose 40 = 4*s - 4*v, 0 = 4*s + 5*v - 4*v - 20. Suppose -4*t + 3*t + s = 0. What is the units digit of t?
6
Let h(x) = x - 12. Let s be h(9). Let z(k) = -7*k + 7. What is the tens digit of z(s)?
2
Let r = -8 - -13. Suppose -114 = -r*a - 9. Let g = -5 + a. What is the tens digit of g?
1
Let t(y) = y**3 + 5*y**2 - 3*y + 1. Let k be t(-4). Let z = k + -18. What is the units digit of z?
1
Let p = 212 + -108. What is the tens digit of p?
0
Suppose -5*y = -0*y + u - 8, -4*y - 4*u = 0. Suppose 0 = -y*g + g + 4. Suppose -2*t + 32 = 2*h - 6*h, -g*t = -h - 36. What is the units digit of t?
8
Let s = -3 - -11. Let v be (-2 - 3)*2/(-5). Let y = s + v. What is the units digit of y?
0
Let b = -4 - -8. Suppose 6*s + 4*k - 32 = 2*s, 2*s - 5*k - 37 = 0. Suppose b = z - s. What is the tens digit of z?
1
Let d(f) = -7*f + 12. Suppose 0*i - i + 3 = 2*b, -2*i = 2. Let k(y) = -3*y + 6. Let n(x) = b*d(x) - 5*k(x). What is the units digit of n(8)?
2
Suppose 3*t = n + n + 29, -4*t + n + 42 = 0. Let y = 32 - t. What is the tens digit of y?
2
Let h be (-1 - (-1 + -1)) + 29. Suppose -13 = -j + 2*z, -2*j = 4*z - 12 - h. What is the tens digit of j?
1
Suppose -5*a - 5 = -3*o - 21, -a + 13 = -2*o. Let l be -1 + (-1 - -1 - o). What is the units digit of (-2 - (-16)/l)*3?
2
Let o(j) = j**3 + 8*j**2 - 9*j - 6. Suppose v + 0*v = -9. Let y be o(v). Let i = -4 - y. What is the units digit of i?
2
Suppose -8*d + 865 + 999 = 0. What is the tens digit of d?
3
Suppose 3*p - 4*p + 4*o - 7 = 0, -o = -4*p - 28. Let v = 17 + p. What is the units digit of v?
0
Let j(h) = 6 - 10*h - 2*h**2 + 17*h + h**2. What is the units digit of j(6)?
2
Let s(w) = 14*w + w**2 + 4 - 6 - 2*w**2 - 1. What is the units digit of s(8)?
5
Suppose 3*n - 306 = -5*j, -5*n + 5*j + 384 = -126. What is the units digit of (n/3 - 0) + 3?
7
Let f(g) = g**3 - 4*g**2 + 3*g - 6. Let z = 10 - 6. What is the units digit of f(z)?
6
Let h(u) = -34*u - 7. What is the units digit of h(-2)?
1
Suppose -2*l + 27 = 5*r + l, -28 = -4*r - 4*l. Suppose -r*u = u - 20. Suppose 4*w = -4*c + 20, -5*w - 15 = -u*c - 0*w. What is the units digit of c?
4
Suppose 0 = 4*g - 5*a + 22 - 88, -23 = -g - 2*a. Suppose 2*o - 1 = -j, -16 - g = -5*o + 4*j. Let r = 18 - o. What is the units digit of r?
5
Suppose -x = 2 - 6. Suppose -3*v + 2*g + 7 + 0 = 0, 6 = -2*v - x*g. What is the units digit of v?
1
Suppose 0*u + 3*u - 6 = 0. Suppose -3*s - u*s = -40. What is the units digit of s?
8
Let i(q) be the first derivative of q**2/2 - q - 1. Let n be i(0). What is the units digit of 0 + -1 + (8 - n)?
8
Let v(d) = -d. Let b = 81 - -54. Let i be (b/6)/5*-2. What is the units digit of v(i)?
9
Suppose -2*j = 2*q - 184, -3*q - 6*j = -2*j - 274. What is the tens digit of q?
9
Let f = 138 + -108. What is the tens digit of f?
3
Suppose 0*m - 8 = -4*m. Suppose 88 = 17*n - 15*n. Suppose -4*w + n = y - 6*y, -m*w - y = -36. What is the tens digit of w?
1
Suppose 2*u = 39 + 55. What is the units digit of u?
7
Let t(p) = 18*p - 8. What is the units digit of t(4)?
4
Let w(s) = -3*s + 1. Let b(a) = -a**2 + 7*a - 3. Let m be b(7). What is the units digit of w(m)?
0
Suppose 1 = v - 2*v, -5*p + 3*v - 7 = 0. Let a = 2 + p. Suppose 3 = 3*h, 0 = -3*n + h - a*h + 8. What is the units digit of n?
3
Suppose -j + 2*k + 38 = 0, -71 = -4*j + 5*k + 87. What is the tens digit of (-2)/(-7) - (-1164)/j?
2
Let a(k) = k**2 - 13*k - 23. Let l(v) = -v**2 + 14*v + 23. Let j(g) = 5*a(g) + 6*l(g). What is the units digit of j(18)?
1
Let r(w) = 2 - 5 - 2*w**2 + 4*w**2 + 3*w. Let t(j) = -j**3 + 5*j**2 + j - 3. Let o be t(5). What is the units digit of r(o)?
1
Suppose -3*z + 5*o + 21 = 3*o, -3*o + 1 = 2*z. Let q(p) = p**2 - 2*p + 2. What is the tens digit of q(z)?
1
Suppose 0*k - 3*k - 18 = -4*x, 1 = k + x. Let z(c) = -7*c + 2. What is the units digit of z(k)?
6
Let t(q) = q**2 - 3*q - 31. What is the hundreds digit of t(14)?
1
Let b(t) = -2*t**2 - t. Let q be b(-1). What is the units digit of (15/6*-2)/q?
5
Let s(c) = -c**2 + 6*c - 1. What is the units digit of s(4)?
7
Suppose 123 = -g + 425. What is the tens digit of g?
0
Suppose -2*q = -134 - 80. What is the hundreds digit of q?
1
Let a be (-15)/(-25) + (-37)/(-5). Suppose 0 = -l - 2*l - 3*y - 9, -2*l - a = 4*y. What is the units digit of l/8 + (-205)/(-20)?
0
Let r = -43 - -60. Let u = -3 + r. What is the tens digit of u?
1
Suppose -v = -4*v + 12. Suppose -v = -r - r. Suppose r*y - 13 = -5*n, -10 = -5*y + 10. What is the units digit of n?
1
Let w(s) = s - 2. Let q be w(8). Let g = q - 1. What is the units digit of g?
5
Let r(z) = z**3 - 6*z**2 + z - 2. Let n be r(6). Suppose -22 - 15 = -3*k - 2*m, -n*m - 3 = -k. What is the tens digit of k?
1
Let a = 12 + -22. Let h(f) = -11*f - f**2 - 3 + 0*f**2 + 0*f**2. What is the units digit of h(a)?
7
Let y be (-3)/(-12) - (-44)/16. Suppose -a - y*a = -56. What is the units digit of a?
4
Suppose -k + 30 = 2*d, -k - d = -14 - 13. What is the units digit of k?
4
Suppose -5*t = -